ons digit of 194616501?
4
What is the ten millions digit of 4995305050?
9
What is the hundred thousands digit of 114580630?
5
What is the tens digit of 56849956?
5
What is the thousands digit of 74341950?
1
What is the hundreds digit of 203893178?
1
What is the hundred thousands digit of 51691628?
6
What is the hundred millions digit of 3285841285?
2
What is the hundred millions digit of 137652645?
1
What is the units digit of 46720058?
8
What is the thousands digit of 24477963?
7
What is the ten thousands digit of 2025834618?
3
What is the ten millions digit of 22612109?
2
What is the ten thousands digit of 3224825900?
2
What is the millions digit of 4053325772?
3
What is the ten millions digit of 35264789?
3
What is the tens digit of 2524654540?
4
What is the units digit of 2640948158?
8
What is the ten thousands digit of 252188536?
8
What is the tens digit of 1635193525?
2
What is the ten millions digit of 59284778?
5
What is the hundred thousands digit of 45752220?
7
What is the billions digit of 1904857156?
1
What is the hundreds digit of 744964225?
2
What is the hundreds digit of 282154576?
5
What is the millions digit of 36505242?
6
What is the millions digit of 8688976069?
8
What is the thousands digit of 81034046?
4
What is the hundred thousands digit of 490866066?
8
What is the hundred millions digit of 2426038562?
4
What is the hundreds digit of 186650543?
5
What is the hundred millions digit of 4888289037?
8
What is the tens digit of 2208436289?
8
What is the hundreds digit of 241022177?
1
What is the thousands digit of 5080039782?
9
What is the tens digit of 222134524?
2
What is the tens digit of 102661440?
4
What is the units digit of 35448793?
3
What is the thousands digit of 1010638912?
8
What is the hundred thousands digit of 345496229?
4
What is the ten millions digit of 80462883?
8
What is the millions digit of 8306728674?
6
What is the ten millions digit of 6561616887?
6
What is the hundreds digit of 1323314815?
8
What is the tens digit of 3309166?
6
What is the ten millions digit of 546547930?
4
What is the ten millions digit of 77330192?
7
What is the millions digit of 1022523808?
2
What is the hundreds digit of 54676163?
1
What is the ten thousands digit of 34890992?
9
What is the ten thousands digit of 29480222?
8
What is the hundred thousands digit of 289088018?
0
What is the tens digit of 227658334?
3
What is the millions digit of 298807139?
8
What is the hundreds digit of 116447890?
8
What is the millions digit of 8359319?
8
What is the tens digit of 433439783?
8
What is the units digit of 2436113551?
1
What is the hundred thousands digit of 48631853?
6
What is the ten thousands digit of 665530426?
3
What is the hundreds digit of 305848284?
2
What is the ten thousands digit of 34254297?
5
What is the ten thousands digit of 3938373991?
7
What is the hundreds digit of 142503118?
1
What is the tens digit of 167917649?
4
What is the hundreds digit of 83884369?
3
What is the ten thousands digit of 823702239?
0
What is the ten millions digit of 645746584?
4
What is the hundreds digit of 2928089297?
2
What is the millions digit of 1904322113?
4
What is the units digit of 40051128?
8
What is the ten thousands digit of 1252991727?
9
What is the thousands digit of 93145731?
5
What is the billions digit of 2023525597?
2
What is the tens digit of 110480990?
9
What is the hundreds digit of 4621069590?
5
What is the hundred millions digit of 1149397283?
1
What is the tens digit of 970341017?
1
What is the millions digit of 41639840?
1
What is the thousands digit of 882832147?
2
What is the hundreds digit of 90642326?
3
What is the units digit of 4025839954?
4
What is the thousands digit of 208008164?
8
What is the units digit of 2182047448?
8
What is the millions digit of 44131441?
4
What is the ten millions digit of 126425349?
2
What is the hundred thousands digit of 43582127?
5
What is the hundred millions digit of 228266524?
2
What is the units digit of 2903672818?
8
What is the millions digit of 708541136?
8
What is the ten thousands digit of 208526577?
2
What is the hundred thousands digit of 854043607?
0
What is the hundreds digit of 3073491592?
5
What is the ten thousands digit of 94026827?
2
What is the ten thousands digit of 476249878?
4
What is the units digit of 6618374205?
5
What is the ten thousands digit of 458083827?
8
What is the units digit of 543001201?
1
What is the hundred thousands digit of 10249445?
2
What is the units digit of 55843341?
1
What is the ten thousands digit of 238264953?
6
What is the ten millions digit of 53358495?
5
What is the hundred millions digit of 145891783?
1
What is the hundred millions digit of 144940067?
1
What is the units digit of 1195739394?
4
What is the tens digit of 64197108?
0
What is the ten thousands digit of 289070537?
7
What is the hundred thousands digit of 4669288?
6
What is the units digit of 22711814?
4
What is the hundred thousands digit of 365257500?
2
What is the thousands digit of 295729899?
9
What is the thousands digit of 2054429524?
9
What is the thousands digit of 173725905?
5
What is the ten millions digit of 279522621?
7
What is the thousands digit of 3786394007?
4
What is the millions digit of 20386696?
0
What is the millions digit of 64316599?
4
What is the hundred thousands digit of 1971705580?
7
What is the hundred thousands digit of 278340640?
3
What is the ten thousands digit of 59012127?
1
What is the millions digit of 71304905?
1
What is the millions digit of 726171128?
6
What is the thousands digit of 263439327?
9
What is the thousands digit of 1623436882?
6
What is the ten thousands digit of 31854580?
5
What is the millions digit of 14510839?
4
What is the millions digit of 114717177?
4
What is the ten millions digit of 93042706?
9
What is the units digit of 99433824?
4
What is the hundreds digit of 1224998613?
6
What is the ten millions digit of 30747998?
3
What is the hundred millions digit of 185123932?
1
What is the hundred millions digit of 291710958?
2
What is the billions digit of 1521602726?
1
What is the hundred thousands digit of 397990149?
9
What is the hundreds digit of 1051305021?
0
What is the millions digit of 1732571862?
2
What is the thousands digit of 25974509?
4
What is the units digit of 968736717?
7
What is the hundreds digit of 42046665?
6
What is the ten millions digit of 56417787?
5
What is the ten millions digit of 59519934?
5
What is the ten millions digit of 487337811?
8
What is the millions digit of 661321765?
1
What is the hundred thousands digit of 4332419614?
4
What is the units digit of 23921958?
8
What is the hundred millions digit of 173089823?
1
What is the thousands digit of 7842755901?
5
What is the ten millions digit of 40450774?
4
What is the hundreds digit of 1119464341?
3
What is the units digit of 155489603?
3
What is the ten thousands digit of 925707143?
0
What is the hundreds digit of 14066890?
8
What is the hundred thousands digit of 103819494?
8
What is the ten millions digit of 6574860016?
7
What is the millions digit of 1375087788?
5
What is the millions digit of 25421262?
5
What is the hundred thousands digit of 55598459?
5
What is the thousands digit of 152351405?
1
What is the units digit of 276789819?
9
What is the thousands digit of 241324052?
4
What is the hundred millions digit of 106791027?
1
What is the units digit of 1201441753?
3
What is the tens digit of 333461120?
2
What is the millions digit of 8420643483?
0
What is the tens digit of 50329432?
3
What is the hundreds digit of 2476623769?
7
What is the hundred thousands digit of 450264578?
2
What is the billions digit of 6539306433?
6
What is the ten thousands digit of 2804429449?
2
What is the thousands digit of 115509569?
9
What is the units digit of 62116885?
5
What is the tens digit of 215763146?
4
What is the hundreds digit of 111150740?
7
What is the thousands digit of 177102001?
2
What is the ten thousands digit of 1744030007?
3
What is the tens digit of 5165705009?
0
What is the hundred thousands digit of 3098445658?
4
What is the millions digit of 969865069?
9
What is the ten millions digit of 3159133749?
5
What is the billions digit of 2632974560?
2
What is the millions digit of 12101783?
2
What is the tens digit of 319881893